{"id":1263,"date":"2021-05-31T10:15:35","date_gmt":"2021-05-31T10:15:35","guid":{"rendered":"http:\/\/brever.lu\/emplois-actualites\/"},"modified":"2024-11-18T11:30:44","modified_gmt":"2024-11-18T09:30:44","slug":"actualites","status":"publish","type":"page","link":"https:\/\/brever.lu\/fr\/actualites\/","title":{"rendered":"Actualit\u00e9s"},"content":{"rendered":"\r\n<p>Nous sommes r\u00e9guli\u00e8rement \u00e0 la recherche de nouveaux collaborateurs motiv\u00e9s et comp\u00e9tents.<br \/>Prenez l&rsquo;initiative et envoyez-nous votre candidature spontan\u00e9e \u00e0 -&gt; <a href=\"mailto:info@brever.lu\">info@brever.lu<\/a><br \/><br \/>Peut-\u00eatre pourrons-nous bient\u00f4t vous accueillir dans notre <a href=\"http:\/\/brever.lu\/fr\/a-propos-de-nous#team\">\u00e9quipe<\/a>.<br \/><br \/>Vous trouverez ici des actualit\u00e9s et des informations actuelles sur la scierie Brever !<\/p>\r\n<p>&nbsp;<\/p>\r\n","protected":false},"excerpt":{"rendered":"<p>Nous sommes r\u00e9guli\u00e8rement \u00e0 la recherche de nouveaux collaborateurs motiv\u00e9s et comp\u00e9tents.Prenez l&rsquo;initiative et envoyez-nous votre candidature spontan\u00e9e \u00e0 -&gt; info@brever.lu Peut-\u00eatre pourrons-nous bient\u00f4t vous accueillir dans notre \u00e9quipe. Vous trouverez ici des actualit\u00e9s et des informations actuelles sur la scierie Brever ! &nbsp;<\/p>\n","protected":false},"author":1,"featured_media":0,"parent":0,"menu_order":4,"comment_status":"closed","ping_status":"closed","template":"page-blog.php","meta":{"_acf_changed":false,"footnotes":""},"acf":[],"yoast_head":"<!-- This site is optimized with the Yoast SEO plugin v22.7 - https:\/\/yoast.com\/wordpress\/plugins\/seo\/ -->\n<title>Actualit\u00e9s - BOIS BREVER S.A.<\/title>\n<meta name=\"robots\" content=\"index, follow, max-snippet:-1, max-image-preview:large, max-video-preview:-1\" \/>\n<link rel=\"canonical\" href=\"https:\/\/brever.lu\/fr\/actualites\/\" \/>\n<meta property=\"og:locale\" content=\"fr_FR\" \/>\n<meta property=\"og:type\" content=\"article\" \/>\n<meta property=\"og:title\" content=\"Actualit\u00e9s - BOIS BREVER S.A.\" \/>\n<meta property=\"og:description\" content=\"Nous sommes r\u00e9guli\u00e8rement \u00e0 la recherche de nouveaux collaborateurs motiv\u00e9s et comp\u00e9tents.Prenez l&rsquo;initiative et envoyez-nous votre candidature spontan\u00e9e \u00e0 -&gt; info@brever.lu Peut-\u00eatre pourrons-nous bient\u00f4t vous accueillir dans notre \u00e9quipe. Vous trouverez ici des actualit\u00e9s et des informations actuelles sur la scierie Brever ! &nbsp;\" \/>\n<meta property=\"og:url\" content=\"https:\/\/brever.lu\/fr\/actualites\/\" \/>\n<meta property=\"og:site_name\" content=\"BOIS BREVER S.A.\" \/>\n<meta property=\"article:modified_time\" content=\"2024-11-18T09:30:44+00:00\" \/>\n<meta name=\"twitter:card\" content=\"summary_large_image\" \/>\n<meta name=\"twitter:label1\" content=\"Dur\u00e9e de lecture estim\u00e9e\" \/>\n\t<meta name=\"twitter:data1\" content=\"1 minute\" \/>\n<script type=\"application\/ld+json\" class=\"yoast-schema-graph\">{\"@context\":\"https:\/\/schema.org\",\"@graph\":[{\"@type\":\"WebPage\",\"@id\":\"https:\/\/brever.lu\/fr\/actualites\/\",\"url\":\"https:\/\/brever.lu\/fr\/actualites\/\",\"name\":\"Actualit\u00e9s - BOIS BREVER S.A.\",\"isPartOf\":{\"@id\":\"https:\/\/brever.lu\/#website\"},\"datePublished\":\"2021-05-31T10:15:35+00:00\",\"dateModified\":\"2024-11-18T09:30:44+00:00\",\"inLanguage\":\"fr-FR\",\"potentialAction\":[{\"@type\":\"ReadAction\",\"target\":[\"https:\/\/brever.lu\/fr\/actualites\/\"]}]},{\"@type\":\"WebSite\",\"@id\":\"https:\/\/brever.lu\/#website\",\"url\":\"https:\/\/brever.lu\/\",\"name\":\"BOIS BREVER S.A.\",\"description\":\"Just another WordPress site\",\"potentialAction\":[{\"@type\":\"SearchAction\",\"target\":{\"@type\":\"EntryPoint\",\"urlTemplate\":\"https:\/\/brever.lu\/?s={search_term_string}\"},\"query-input\":\"required name=search_term_string\"}],\"inLanguage\":\"fr-FR\"}]}<\/script>\n<!-- \/ Yoast SEO plugin. -->","yoast_head_json":{"title":"Actualit\u00e9s - BOIS BREVER S.A.","robots":{"index":"index","follow":"follow","max-snippet":"max-snippet:-1","max-image-preview":"max-image-preview:large","max-video-preview":"max-video-preview:-1"},"canonical":"https:\/\/brever.lu\/fr\/actualites\/","og_locale":"fr_FR","og_type":"article","og_title":"Actualit\u00e9s - BOIS BREVER S.A.","og_description":"Nous sommes r\u00e9guli\u00e8rement \u00e0 la recherche de nouveaux collaborateurs motiv\u00e9s et comp\u00e9tents.Prenez l&rsquo;initiative et envoyez-nous votre candidature spontan\u00e9e \u00e0 -&gt; info@brever.lu Peut-\u00eatre pourrons-nous bient\u00f4t vous accueillir dans notre \u00e9quipe. Vous trouverez ici des actualit\u00e9s et des informations actuelles sur la scierie Brever ! &nbsp;","og_url":"https:\/\/brever.lu\/fr\/actualites\/","og_site_name":"BOIS BREVER S.A.","article_modified_time":"2024-11-18T09:30:44+00:00","twitter_card":"summary_large_image","twitter_misc":{"Dur\u00e9e de lecture estim\u00e9e":"1 minute"},"schema":{"@context":"https:\/\/schema.org","@graph":[{"@type":"WebPage","@id":"https:\/\/brever.lu\/fr\/actualites\/","url":"https:\/\/brever.lu\/fr\/actualites\/","name":"Actualit\u00e9s - BOIS BREVER S.A.","isPartOf":{"@id":"https:\/\/brever.lu\/#website"},"datePublished":"2021-05-31T10:15:35+00:00","dateModified":"2024-11-18T09:30:44+00:00","inLanguage":"fr-FR","potentialAction":[{"@type":"ReadAction","target":["https:\/\/brever.lu\/fr\/actualites\/"]}]},{"@type":"WebSite","@id":"https:\/\/brever.lu\/#website","url":"https:\/\/brever.lu\/","name":"BOIS BREVER S.A.","description":"Just another WordPress site","potentialAction":[{"@type":"SearchAction","target":{"@type":"EntryPoint","urlTemplate":"https:\/\/brever.lu\/?s={search_term_string}"},"query-input":"required name=search_term_string"}],"inLanguage":"fr-FR"}]}},"_links":{"self":[{"href":"https:\/\/brever.lu\/fr\/wp-json\/wp\/v2\/pages\/1263"}],"collection":[{"href":"https:\/\/brever.lu\/fr\/wp-json\/wp\/v2\/pages"}],"about":[{"href":"https:\/\/brever.lu\/fr\/wp-json\/wp\/v2\/types\/page"}],"author":[{"embeddable":true,"href":"https:\/\/brever.lu\/fr\/wp-json\/wp\/v2\/users\/1"}],"replies":[{"embeddable":true,"href":"https:\/\/brever.lu\/fr\/wp-json\/wp\/v2\/comments?post=1263"}],"version-history":[{"count":0,"href":"https:\/\/brever.lu\/fr\/wp-json\/wp\/v2\/pages\/1263\/revisions"}],"wp:attachment":[{"href":"https:\/\/brever.lu\/fr\/wp-json\/wp\/v2\/media?parent=1263"}],"curies":[{"name":"wp","href":"https:\/\/api.w.org\/{rel}","templated":true}]}}

Actualités

<p>Nous sommes régulièrement à la recherche de nouveaux collaborateurs motivés et compétents.<br />Prenez l&rsquo;initiative et envoyez-nous votre candidature spontanée à -&gt; <a href="mailto:info@brever.lu">info@brever.lu</a><br /><br />Peut-être pourrons-nous bientôt vous accueillir dans notre <a href="http://brever.lu/fr/a-propos-de-nous#team">équipe</a>.<br /><br />Vous trouverez ici des actualités et des informations actuelles sur la scierie Brever !</p>
<p>&nbsp;</p>

<p>Nous sommes régulièrement à la recherche de nouveaux collaborateurs motivés et compétents.Prenez l&rsquo;initiative et envoyez-nous votre candidature spontanée à -&gt; info@brever.lu Peut-être pourrons-nous bientôt vous accueillir dans notre équipe. Vous trouverez ici des actualités et des informations actuelles sur la scierie Brever ! &nbsp;</p>

<!-- This site is optimized with the Yoast SEO plugin v22.7 - https://yoast.com/wordpress/plugins/seo/ -->
<title>Actualités - BOIS BREVER S.A.</title>
<meta name="robots" content="index, follow, max-snippet:-1, max-image-preview:large, max-video-preview:-1" />
<link rel="canonical" href="https://brever.lu/fr/actualites/" />
<meta property="og:locale" content="fr_FR" />
<meta property="og:type" content="article" />
<meta property="og:title" content="Actualités - BOIS BREVER S.A." />
<meta property="og:description" content="Nous sommes régulièrement à la recherche de nouveaux collaborateurs motivés et compétents.Prenez l&rsquo;initiative et envoyez-nous votre candidature spontanée à -&gt; info@brever.lu Peut-être pourrons-nous bientôt vous accueillir dans notre équipe. Vous trouverez ici des actualités et des informations actuelles sur la scierie Brever ! &nbsp;" />
<meta property="og:url" content="https://brever.lu/fr/actualites/" />
<meta property="og:site_name" content="BOIS BREVER S.A." />
<meta property="article:modified_time" content="2024-11-18T09:30:44+00:00" />
<meta name="twitter:card" content="summary_large_image" />
<meta name="twitter:label1" content="Durée de lecture estimée" />
	<meta name="twitter:data1" content="1 minute" />
<script type="application/ld+json" class="yoast-schema-graph">{"@context":"https://schema.org","@graph":[{"@type":"WebPage","@id":"https://brever.lu/fr/actualites/","url":"https://brever.lu/fr/actualites/","name":"Actualités - BOIS BREVER S.A.","isPartOf":{"@id":"https://brever.lu/#website"},"datePublished":"2021-05-31T10:15:35+00:00","dateModified":"2024-11-18T09:30:44+00:00","inLanguage":"fr-FR","potentialAction":[{"@type":"ReadAction","target":["https://brever.lu/fr/actualites/"]}]},{"@type":"WebSite","@id":"https://brever.lu/#website","url":"https://brever.lu/","name":"BOIS BREVER S.A.","description":"Just another WordPress site","potentialAction":[{"@type":"SearchAction","target":{"@type":"EntryPoint","urlTemplate":"https://brever.lu/?s={search_term_string}"},"query-input":"required name=search_term_string"}],"inLanguage":"fr-FR"}]}</script>
<!-- / Yoast SEO plugin. -->

Actualités - BOIS BREVER S.A.

Nous sommes régulièrement à la recherche de nouveaux collaborateurs motivés et compétents.Prenez l&rsquo;initiative et envoyez-nous votre candidature spontanée à -&gt; info@brever.lu Peut-être pourrons-nous bientôt vous accueillir dans notre équipe. Vous trouverez ici des actualités et des informations actuelles sur la scierie Brever ! &nbsp;
